ppose 0 = -2*m - 2*m. Let u be m - -32 - (-13 - -17). Calculate the highest common divisor of 7 and u.
7
Let o(p) = p**3 - 2*p**2 + p + 2. Let y be o(3). Suppose -4*k + 85 = -419. What is the highest common divisor of k and y?
14
Let c = -47 + 69. Suppose -39*p + 44*p = 550. What is the highest common factor of p and c?
22
Let p be -2 + 1 + 3 - -3. Let m(n) = -n**2 + 2*n - 3. Let r be m(-3). Let x = 58 + r. Calculate the highest common factor of p and x.
5
Let c be (-4)/(-4)*13 + -2. What is the greatest common divisor of c and 1?
1
Let u = 11 - 13. Let i be u*2 + 2 + 18. Calculate the highest common divisor of i and 40.
8
Suppose -3*z + 126 = 2*v, -3*z + 8*z = -v + 217. Suppose 0 = -4*k - z - 4. Let g be 3/k - 194/(-8). What is the highest common divisor of 8 and g?
8
Let k(i) = 3*i**2 - 4*i + 1. Let z be k(-5). What is the greatest common factor of z and 24?
24
Let m = -238 + 255. Let f(d) = 5*d - 3. Let o be f(4). Calculate the highest common factor of m and o.
17
Suppose 0 = -2*d + 3*d - 24. What is the greatest common divisor of 24 and d?
24
Let y be 2 + 2*(-1 - -3). Let k be (-1 - 2)*(-22)/y. What is the highest common factor of k and 99?
11
Suppose 4*y + 30 = 6*y. Calculate the greatest common divisor of y and 10.
5
Suppose -2*i - 2 = 0, -7*l + 2*i - 3 = -2*l. Let j be l/(-2) + 54/4. What is the highest common divisor of j and 42?
14
Let u(r) = 10*r**2 - 2*r + 1. Let a be u(-1). What is the highest common factor of 13 and a?
13
Suppose -126 = -5*z + 3*v, 2*z + 2*v - 56 = 6*v. What is the highest common divisor of z and 3?
3
Suppose 4*r + 5 = 41. Suppose 4*x = r*x - 20. Suppose -y = -19 + x. What is the greatest common factor of 3 and y?
3
Suppose 3*k + 4*t = 3 + 16, 4*t - 9 = -k. Calculate the greatest common factor of 35 and k.
5
Suppose -7*h = -5*h + 40. Let c be (24/h)/((-4)/10). What is the greatest common divisor of c and 9?
3
Let b = -4 + 19. Let s be (-3 - 0)*45/(-1). What is the greatest common factor of s and b?
15
Let l be (1/3)/((-2)/(-36) + 0). Calculate the highest common divisor of 6 and l.
6
Suppose 108 = 6*x - 60. Calculate the greatest common divisor of 84 and x.
28
Suppose 3*l = 4*b - 214, -l - b - b = 88. Let q = -33 - l. What is the greatest common factor of q and 18?
9
Suppose -5*x = 5*m - 760, 2*m = -2*m - 2*x + 616. Let g be m/3 - (5 - 2). Calculate the highest common divisor of g and 7.
7
Suppose s - 14 - 10 = 0. Suppose 2*o + 16 = 3*a + 44, -48 = -4*o + 4*a. What is the highest common divisor of s and o?
8
Suppose -5*q + 87 = 12. Suppose 45 = 5*p + q. Calculate the highest common divisor of 3 and p.
3
Let f = -111 - -163. Let v = 7 - 4. Suppose 2*r = 4*o - 52, 5*r + 26 = 5*o - v*o. Calculate the highest common divisor of o and f.
13
Let m(v) = 4*v - 3. Let u be m(4). Let k = -38 + 64. What is the greatest common factor of u and k?
13
Suppose -3*f - 6 + 30 = 0. Let t = -3 + f. Calculate the highest common factor of t and 5.
5
Let u = 61 - 43. Let i be 2/9 - (-644)/u. Calculate the highest common factor of i and 12.
12
Let f = -35 - -80. Let r be 498/(-15) + 1/5. Let m = r - -63. Calculate the highest common divisor of f and m.
15
Let s = -26 - -9. Suppose 0 = -5*b - 31 - 24. Let q = b - s. Calculate the highest common factor of 30 and q.
6
Suppose -3*m = j + 2*j - 18, 0 = 4*m - 16. Suppose 0 = -2*l + 3*y + 63, 4*y + 57 = -j*l + 155. Calculate the greatest common factor of 26 and l.
13
Let d = -22 + 37. Suppose -3*w = -3*o - 6*w + 78, -68 = -2*o + 2*w. What is the greatest common factor of d and o?
15
Let w(l) = l**3 - 5*l**2 + 8*l - 3. Let h be w(3). Calculate the highest common divisor of 33 and h.
3
Suppose -4*w = -9*w + 220. Suppose 3*i = -i - 24. Let y be (2/3)/(i/(-99)). What is the highest common factor of y and w?
11
Let d(o) = -7*o + 40. Let x be d(5). Let r = -12 - -62. What is the greatest common divisor of x and r?
5
Let g = 1 + -4. Let u(y) = 5*y**2 + 3*y - 3. Let d be u(g). What is the greatest common factor of 3 and d?
3
Suppose 269 + 655 = 6*u. Let i(b) = -b + 6. Let n be i(6). Suppose 4*z - 2*s - 48 = 0, -2*z + n*s - s = -32. What is the greatest common factor of u and z?
14
Suppose 0 = -0*r + r - 6. Let w(z) = -z**2 + 5*z + 7. Let s be w(r). Let a be s/(-4) - 423/(-12). What is the greatest common factor of 5 and a?
5
Let t = 88 - -10. Let n(c) = -2*c + 5. Let v be n(-5). Suppose -14*h - 14 = -v*h. Calculate the greatest common factor of t and h.
14
Suppose 5*l = -15, -5*x = 7*l - 2*l - 645. What is the highest common divisor of 12 and x?
12
Let f(m) = -m + 7. Let n be f(-5). What is the greatest common divisor of n and 132?
12
Suppose -d + 3280 = 4*d. Let n be d/6 - (-4)/6. Suppose 2*i + o - 21 = 0, -i + 4*o - 3 + 9 = 0. Calculate the highest common divisor of i and n.
10
Let x be 3 + 0 + (-7)/1. Let u(n) = -71*n - 1. Let o be u(x). Suppose 0 = -3*r - m + o, -3*r - r + 4*m + 404 = 0. What is the highest common factor of r and 12?
12
Let w(h) = -h**2 + 6*h - 5. Let u be w(4). Suppose -u*x - 7 = -1. Let q be 498/21 - x/7. Calculate the highest common factor of 3 and q.
3
Suppose -83*m + 105 = -80*m. Calculate the greatest common divisor of m and 14.
7
Let v(b) = 3 - 4 - b - b**3 + 0*b - 2*b. Let d be v(-2). Calculate the greatest common divisor of 52 and d.
13
Let i(t) = t**3 - 8*t**2 + 7*t + 3. Let k be i(6). Let h = k + 82. What is the highest common factor of 11 and h?
11
Suppose -p + 5*p = -88. Let n = p + 41. Calculate the highest common divisor of 19 and n.
19
Let c = -55 + 140. Calculate the highest common factor of 34 and c.
17
Let k = 16 - 6. Let i = -5 + k. What is the greatest common divisor of 15 and i?
5
Let a = -4 - -9. Let d be (32/(-20))/((-2)/a). Let x be -6 + d + 91 + -1. What is the highest common factor of x and 11?
11
Let t(x) = x**2 + 8*x + 9. Let u be t(-7). What is the greatest common factor of u and 10?
2
Let a = 550 + -542. Let q = -69 - -125. Calculate the highest common divisor of q and a.
8
Let y = 93 + -71. What is the greatest common factor of y and 198?
22
Suppose 0 = -2*v - 5*r + 69, -8 + 4 = -4*r. Let i be (24/v)/(1/60). Calculate the greatest common factor of 9 and i.
9
Suppose -4*z + 25 = -3*k, 9*k + 5 = 3*z + 4*k. What is the greatest common factor of 2 and z?
2
Let q be (-3)/(6/(-10)) + 1. Let r be -4*q/(-8) + 16. Calculate the greatest common factor of 76 and r.
19
Suppose 0 = 2*c - 5 - 29. What is the highest common divisor of 17 and c?
17
Let x(b) = -b**3 - 4*b**2 - 4*b - 2. Let o be x(-4). Let p = -17 - -45. What is the highest common divisor of o and p?
14
Suppose 2*c - 43 = y, -2*y - y = -4*c + 81. What is the greatest common divisor of 12 and c?
12
Let m = 11 - 11. Suppose m = 2*n - 7*n + 5. Let p be ((-3)/2)/n*-16. What is the highest common factor of p and 6?
6
Let d(o) = 8*o - 3. Let j be d(5). Suppose -4*q - 3*p = 2*p - j, 0 = 4*q - p - 31. Calculate the highest common divisor of q and 2.
2
Suppose -12 = 3*x - 51. Calculate the highest common factor of x and 65.
13
Let d(i) = -i**2 + 6*i - 5. Let y be d(2). Calculate the greatest common factor of 15 and y.
3
Suppose -3*q + 5*i + 75 = 0, -25 = -3*q + 2*i + 41. Calculate the greatest common factor of 30 and q.
10
Let f = 176 + -100. Calculate the greatest common factor of 190 and f.
38
Let s = -4 - -6. Suppose -s - 3 = 5*u. Let v be (u - (-1 - 0)) + 2. Calculate the greatest common factor of v and 6.
2
Suppose 24 = -2*h + 5*h. Suppose 5*j + 25 = 305. Calculate the highest common factor of h and j.
8
Let x = -11 + 14. Let p = x - -13. Calculate the greatest common divisor of 40 and p.
8
Suppose 6*c - 4*c = 70. Calculate the greatest common divisor of 14 and c.
7
Suppose 4*v - 190 = j, 4*v + 3*j = 80 + 118. Calculate the greatest common factor of 12 and v.
12
Let g = 11 - 6. Suppose 2*x - g*o = 239, 2*o + 323 = 5*x - 243. What is the highest common factor of 14 and x?
14
Let u(t) = t**2 + 3*t + 40. Let x be u(0). What is the greatest common factor of x and 30?
10
Let n be 8/6*27/2. Suppose 2*u - 4*u - 30 = 0. Let a = u + 24. What is the highest common divisor of a and n?
9
Suppose -t + 5 + 70 = 3*y, -2*t = -6. What is the highest common factor of y and 6?
6
Suppose -2*f - f = -24. Let v be (3 - 1)/(-4)*-4. Let l be 132/18*6*v. What is the greatest common divisor of l and f?
8
Let p = -21 - -37. Sup